 Let a = s - -14. Calculate the greatest common factor of 12 and a.
4
Let w = -130 - -89. Let s = w + 76. Suppose q = r - 16, -3*r + 41 + 9 = -4*q. What is the greatest common factor of s and r?
7
Suppose 41 = 4*u - 7. Let k(c) = 7*c - 10. Let x be k(4). What is the highest common divisor of x and u?
6
Suppose -5*o = -o - 4*v - 68, -o + 26 = 2*v. Calculate the highest common divisor of o and 10.
10
Suppose 3*a + 15 - 666 = 0. What is the highest common factor of 31 and a?
31
Suppose -2*m + 216 = -382. Let z = -101 + 207. Suppose 3*b = m + z. Calculate the greatest common factor of 15 and b.
15
Suppose 3*f + 2*m = -84, -5*m = 2*f + 18 + 38. Let o = -18 - f. What is the highest common divisor of o and 80?
10
Suppose -n + 19 = -z, 0 = -z + 5. What is the greatest common divisor of n and 168?
24
Suppose 0 = -3*g + 19 + 215. Calculate the highest common divisor of 13 and g.
13
Suppose 5*p - 141 = -2*g + 4*p, 224 = 3*g + 4*p. Suppose -3*k + 55 = b + 3*b, 4*k - g = -5*b. Calculate the highest common divisor of b and 144.
16
Suppose -81 + 1 = -5*l. Suppose -4*i = 5*o - 19 - 11, 4*o + 3*i - 23 = 0. What is the greatest common factor of l and o?
2
Let t = -4 + 8. Suppose -i = t*i - 90. What is the highest common divisor of 162 and i?
18
Let w(v) = -17*v - 4. Suppose 2*c + t + 6 = -2, -18 = c - 3*t. Let f be w(c). What is the highest common factor of 14 and f?
14
Let j = 0 + 5. Let d = 16 - j. Let a be (-2)/2*(-22)/2. Calculate the greatest common divisor of d and a.
11
Suppose 4 - 40 = 3*o. Let m = -4 - o. Calculate the greatest common divisor of m and 12.
4
Let r be (-1 - 0)*1 - -11. Suppose 0 = 3*i - 6*i + 90. Calculate the greatest common divisor of i and r.
10
Let g(s) = -3*s - 11. Let j be g(-6). Calculate the greatest common divisor of j and 7.
7
Suppose -6 = 3*g, -6 = -0*j - 2*j + 2*g. Suppose -b = b - 2. Calculate the greatest common factor of j and b.
1
Let f(i) be the first derivative of i**3/3 - 2*i**2 - 2*i - 2. Let a be f(5). Suppose -6 = -a*g + 12. Calculate the greatest common factor of 6 and g.
6
Let j be (-3)/6*12/(-2). Let v = j + 6. Let s(u) = -u**3 + u**2 + 1. Let x be s(-4). Calculate the greatest common divisor of v and x.
9
Let z(m) = 3*m - 5. Let b be z(5). Calculate the highest common factor of b and 25.
5
Let a(j) = -2*j**3 - 8*j**2 - 8*j + 4. Let t be a(-4). What is the greatest common divisor of t and 216?
36
Suppose 0*g - 22 = -2*g. Calculate the greatest common divisor of 121 and g.
11
Let q(w) = -19*w - 7. Let l(m) = m - 1. Let u(d) = 2*l(d) - q(d). Let v be u(5). Let p be (14/(-4))/((-5)/v). What is the greatest common divisor of 11 and p?
11
Let q = 8 - 5. Suppose -5*r - 13 - 19 = -2*x, -4*x + 5*r = -44. What is the highest common factor of x and q?
3
Suppose -6*i = -i - 10. Let x(o) = o**3 - 5*o**2 + 5*o + 4. Let h be x(4). Calculate the greatest common divisor of i and h.
2
Suppose -10 = -7*n + 2*n. Suppose 5 = b - n. Calculate the greatest common divisor of b and 28.
7
Suppose k + 3*k = -8, 57 = 3*p - 3*k. Calculate the greatest common divisor of 136 and p.
17
Suppose v + 24 = 5*g, -v - 16 + 2 = -3*g. Suppose b + 0*c = 2*c + 35, -c - g = 0. Let y be (b/4)/(1/12). What is the highest common factor of 25 and y?
25
Let k = 8 - 4. Suppose k*h = -d + 9, -3*h - d + 5*d - 17 = 0. Let u be (5 - 5) + 14 + h. Calculate the highest common factor of u and 105.
15
Let j(a) = -a + 6. Let c(g) = -1. Let r(s) = -2*c(s) + j(s). Let k be r(0). Suppose 5*h - 147 = 293. What is the greatest common factor of k and h?
8
Suppose 2*m + 14 - 86 = 0. What is the greatest common divisor of m and 18?
18
Let x be (1 + -2)*(-1 - 29). Let g be (-2)/(34/(-10) - -3). What is the highest common divisor of x and g?
5
Let j be (-2)/(((-1)/(-36))/(4/(-8))). What is the highest common divisor of j and 24?
12
Let t be ((-14)/(-8))/(1/12). What is the greatest common divisor of 84 and t?
21
Let c be (1 + 1)*(-46)/4. Let n = -16 - c. Calculate the greatest common factor of n and 7.
7
Let d be ((-2)/4)/(2/(-16)). Suppose 158 = d*u + 5*p, 5*u + 22 - 242 = 5*p. Calculate the highest common factor of 6 and u.
6
Let x be (-4 + 2 - 1)/(3/(-57)). Calculate the highest common divisor of x and 19.
19
Let a(u) = u + 3. Let t be a(7). Suppose 0 = 5*z - 90 + t. What is the greatest common divisor of z and 40?
8
Let j be 3*4/(-3)*-33. Calculate the highest common divisor of 33 and j.
33
Let m be 1 - (41 + -2 + -2). Let c = -12 - m. Suppose g - 13 = 23. Calculate the greatest common factor of g and c.
12
Let g = 26 + 7. What is the greatest common factor of g and 33?
33
Suppose -34 - 29 = -9*x. What is the greatest common divisor of 35 and x?
7
Suppose -5*q + 5 + 5 = 0. Suppose q*y + j - 165 = 0, 2*y + y - 246 = -j. Calculate the greatest common factor of 9 and y.
9
Suppose 5*l - 570 = -5*k, 5*l + 2*k = k + 590. What is the highest common divisor of 17 and l?
17
Let s(l) = -l**3 + 8*l**2 + 9*l + 4. Let f be s(9). What is the highest common divisor of 32 and f?
4
Suppose -x + 3*c = 7, -4*c + 8 = 2*x - 4*x. Suppose 0 = z + x*z - 15. Calculate the highest common divisor of z and 55.
5
Let r be ((-15)/(-12))/((-1)/(-4)). Let v = r + 0. What is the highest common divisor of v and 40?
5
Let q(y) = -y**2 + 3. Let m be q(3). Let f be m/(0 + 2/(-4)). Let v be -3*(-175)/15 - (-2)/2. What is the greatest common divisor of f and v?
12
Suppose -2*t = -5*n - 51, -t - 18 = -2*t + n. Let z = t + -8. Suppose 2*s + z*j - 11 = 0, 1 - 5 = -s - j. What is the highest common factor of 2 and s?
1
Suppose 3*u + 7 - 13 = 0. What is the highest common divisor of u and 6?
2
Let c = -3 - -7. Suppose 2*v - 14 = -d, -c*v + 5*v = -5*d + 43. Calculate the highest common divisor of d and 1.
1
Let g(v) = -v**3 - 10*v**2 + 12*v + 10. Let s be g(-11). Let m = -4 - 2. Let f be (-267)/m + s/2. What is the greatest common factor of 11 and f?
11
Suppose -5*h = -2*h - 57. Let y = h - -9. What is the highest common divisor of 84 and y?
28
Suppose 3*n = 6*n. Suppose -3*b - 753 = -2*f - f, n = -5*f + b + 1251. What is the greatest common factor of 25 and f?
25
Let q(k) = -2*k - 15. Let p be q(-10). Calculate the highest common factor of p and 45.
5
Let a(j) = j**2 + 6*j - 1. Let q be a(-6). Let w be 104 + (0 - q) + -1. Let n(v) = 3*v - 5. Let f be n(6). Calculate the highest common factor of w and f.
13
Suppose 0 = 5*s - 24 + 9. Suppose 3*p = s*h - 3, p - 1 + 20 = 4*h. What is the highest common factor of 24 and h?
6
Let p = 5 + 7. Let o be 34/4 - p/(-8). Calculate the greatest common divisor of o and 50.
10
Let p be 3/9*24/2. Suppose -b + 2*b = p. Suppose 2*q + t - 28 = 0, 5*q + b*t = -0*t + 70. What is the greatest common factor of 21 and q?
7
Let m be ((-93)/24 + 0)*-4*2. Calculate the highest common factor of m and 155.
31
Let c = -48 + 108. Calculate the greatest common divisor of 24 and c.
12
Suppose 0 = -4*c + 28 + 8. Calculate the highest common divisor of 1 and c.
1
Let q(c) be the third derivative of c**4/12 - c**3/6 + c**2. Let j be q(8). What is the highest common divisor of 75 and j?
15
Suppose -7*r = -5*r - 3*n - 236, 4*r - 3*n = 478. What is the greatest common divisor of r and 11?
11
Suppose -5*g = -11 - 4. Suppose -2*z = -g*y - 26, 3*z - 33 = -4*y + 23. Calculate the highest common factor of 80 and z.
16
Suppose 3*t - t - 3*b - 21 = 0, -5*b + 9 = 4*t. Calculate the greatest common divisor of t and 48.
6
Let o = 16 + -16. Let y be -1 + 22 + o + -3. Calculate the greatest common factor of y and 9.
9
Let t = -4 + 18. Let g = 139 - -15. What is the greatest common factor of t and g?
14
Suppose -2*f = -4*l + 168, -l + 40 + 2 = 4*f. Let t = -29 + l. What is the greatest common factor of t and 104?
13
Let a = 13 - 10. Suppose a*d = 6, 2*q + 0*q - 3*d - 10 = 0. Suppose 0*m = m - 32. Calculate the greatest common factor of m and q.
8
Suppose 3*h = -0 + 18. Suppose 2*b - 3*m = 127, -5*b + 5*m = -101 - 204. Let k = b - 38. Calculate the greatest common divisor of h and k.
6
Suppose p + 3*g - 4 = 0, 5*p - g = -5*g + 20. Suppose j = p - 0. Suppose -b - 8 = 5*o, 5*b - b + j*o = 32. What is the greatest common factor of 96 and b?
12
Let o = -2 - -5. Suppose -o*m - 39 = 24. Let x be m/(-5)*(-5)/(-1). Calculate the highest common divisor of x and 7.
7
Suppose -4*j - 12 = -5*j. Let k = 3 + 3. What is the highes